425 + -3?
12422
In base 16, what is 12b - -3?
12e
In base 10, what is 683 - 4?
679
In base 15, what is -1ebe + -3?
-1ec2
In base 4, what is -212230 + 1?
-212223
In base 6, what is -114 + -5?
-123
In base 7, what is 326 + -2?
324
In base 4, what is 221 - -231?
1112
In base 3, what is 221 + 1?
222
In base 11, what is 567 - -32?
599
In base 13, what is 918 + -1?
917
In base 6, what is 15510 - 5?
15501
In base 3, what is -110020 + -1120?
-111210
In base 9, what is 12 + 6?
18
In base 15, what is -3 + 70?
6c
In base 8, what is 2006 + 10?
2016
In base 2, what is 1011 + 110100111?
110110010
In base 16, what is 52 - 4?
4e
In base 10, what is -7 + -35?
-42
In base 3, what is 2101 + 0?
2101
In base 8, what is -15 - -30?
13
In base 15, what is d + -1bd?
-1b0
In base 5, what is -4 - 12?
-21
In base 7, what is -10 + -15?
-25
In base 10, what is 585 + 0?
585
In base 4, what is 0 - -130330?
130330
In base 13, what is 1ab + -4?
1a7
In base 4, what is 3 - 10313?
-10310
In base 11, what is 21 + -10?
11
In base 15, what is -b7 - -3?
-b4
In base 14, what is b7d + -5?
b78
In base 15, what is 2 + 59e?
5a1
In base 2, what is 101100110 + 0?
101100110
In base 16, what is -4 - -59?
55
In base 7, what is -42 - -14?
-25
In base 14, what is 74 + -4?
70
In base 11, what is 2 - -61a?
621
In base 10, what is -11 - -17?
6
In base 5, what is 221 + -1332?
-1111
In base 8, what is 32 - -352?
404
In base 3, what is -2 + -110?
-112
In base 3, what is 12 - -20000122?
20000211
In base 10, what is -13 + 2?
-11
In base 7, what is -156 - 4?
-163
In base 11, what is 411 + 4?
415
In base 11, what is 2 + 20a?
211
In base 14, what is -6 + b?
5
In base 13, what is -3 - -16?
13
In base 7, what is -1231 + 24?
-1204
In base 4, what is 2 - -232?
300
In base 13, what is -321 - 10?
-331
In base 16, what is -4d + -b?
-58
In base 13, what is -3 - c?
-12
In base 16, what is -28c - 1?
-28d
In base 6, what is 2232 + -12?
2220
In base 10, what is -7 - 8?
-15
In base 12, what is -6 - 178?
-182
In base 15, what is 1b8 + -5?
1b3
In base 14, what is 3 - 46?
-43
In base 3, what is -1022 - 22?
-1121
In base 16, what is 2 - -1da?
1dc
In base 12, what is 0 - 50?
-50
In base 14, what is -11 - -16d?
15c
In base 16, what is -fed + 1?
-fec
In base 9, what is -46 + 3?
-43
In base 2, what is -10100100001111 + -11?
-10100100010010
In base 4, what is 10 - 10132?
-10122
In base 15, what is 3 + -a6c?
-a69
In base 15, what is -1 - 1c?
-1d
In base 5, what is 203 + 2401?
3104
In base 16, what is -df4 + -2?
-df6
In base 3, what is 20112 - 2000?
11112
In base 13, what is -5 - 326?
-32b
In base 14, what is -13 - -d?
-4
In base 6, what is -3 + 2031?
2024
In base 5, what is 2 - 12242?
-12240
In base 8, what is 32 + -1?
31
In base 14, what is -97 + 4?
-93
In base 14, what is -c3 + 5?
-bc
In base 14, what is 2807 + 5?
280c
In base 7, what is -3 - 63?
-66
In base 9, what is 2365 - -3?
2368
In base 6, what is -320134 + 5?
-320125
In base 5, what is 1243 - -3?
1301
In base 15, what is 6d9 - -3?
6dc
In base 4, what is -31 - 133312?
-200003
In base 3, what is -20202 + 12?
-20120
In base 9, what is 802 + -1?
801
In base 9, what is 6 + 126?
133
In base 7, what is -53 - 2?
-55
In base 2, what is 11010 + 101?
11111
In base 14, what is -11b + 3?
-118
In base 2, what is 101 + -1001100000?
-1001011011
In base 14, what is 1 - -34?
35
In base 7, what is 205 - -3?
211
In base 7, what is -2 - 1241?
-1243
In base 10, what is 2389 + -1?
2388
In base 6, what is 40 + -303?
-223
In base 7, what is -46 - -35?
-11
In base 15, what is -799 - 3?
-79c
In base 16, what is -2 + -84?
-86
In base 5, what is 31141 + 2?
31143
In base 4, what is 100001 + -20?
33321
In base 13, what is -5 + -1a1?
-1a6
In base 2, what is -101 - 10011001?
-10011110
In base 7, what is 22 - 10?
12
In base 11, what is -436 - 0?
-436
In base 8, what is -142 - -21?
-121
In base 13, what is 45 + 5?
4a
In base 15, what is 6 - -20?
26
In base 3, what is 2211 - -22?
10010
In base 2, what is -10011110111 + 10?
-10011110101
In base 4, what is -112 - -22?
-30
In base 14, what is 61 - -166?
1c7
In base 11, what is 4 - -52?
56
In base 7, what is 6 + 101?
110
In base 2, what is 10101001 - 100?
10100101
In base 4, what is 231 - 21?
210
In base 9, what is 42 - 403?
-351
In base 4, what is 332 - 30?
302
In base 13, what is -2309 + -1?
-230a
In base 13, what is 2150 + 0?
2150
In base 6, what is 3 + 102?
105
In base 15, what is 1 + 34?
35
In base 6, what is -1314 - -2?
-1312
In base 10, what is -1 + 6173?
6172
In base 13, what is -5 + -69c?
-6a4
In base 8, what is -13 - 1165?
-1200
In base 4, what is -3130232 + -11?
-3130303
In base 3, what is 2 + -1112?
-1110
In base 16, what is -2d86 + -3?
-2d89
In base 16, what is 13 - -596?
5a9
In base 13, what is -3 + 2a6a?
2a67
In base 2, what is 100111 - 0?
100111
In base 3, what is -120222 - -10?
-120212
In base 14, what is -140 + -36?
-176
In base 9, what is -72 + 5?
-66
In base 6, what is 35 + 113?
152
In base 4, what is 2320201 + 1?
2320202
In base 12, what is -112 + -1?
-113
In base 13, what is -4 - 94?
-98
In base 14, what is 201 + -3?
1dc
In base 16, what is -4 + -47?
-4b
In base 6, what is 2 + -53?
-51
In base 11, what is -2 + -1?
-3
In base 7, what is 246 - -4?
253
In base 14, what is 2 + -10a?
-108
In base 5, what is 11 + -11444?
-11433
In base 16, what is -2a4 - 3?
-2a7
In base 11, what is 5 + -159?
-154
In base 8, what is 0 + -1147?
-1147
In base 7, what is 5 + -23?
-15
In base 4, what is 2 - 10?
-2
In base 6, what is -1531 + -4?
-1535
In base 5, what is -3 + -3243?
-3301
In base 3, what is 2 + -2112002?
-2112000
In base 4, what is -120 - 2?
-122
In base 16, what is 31 + 78?
a9
In base 6, what is 1515 - -1?
1520
In base 6, what is 2 + 3321?
3323
In base 15, what is 3 - -73?
76
In base 9, what is 468 + 6?
475
In base 5, what is -2 - -4022?
4020
In base 16, what is 1 - -60?
61
In base 9, what is 1 + 18?
20
In base 12, what is 155 - 2?
153
In base 15, what is 5e + -7?
57
In base 12, what is -4 + -13a2?
-13a6
In base 12, what is 0 + -18?
-18
In base 9, what is -1 + 68?
67
In base 6, what is 3105 - 1?
3104
In base 7, what is -4 + 4216?
4212
In base 9, what is 287 + -28?
258
In base 2, what is 1011011101 + 1?
1011011110
In base 9, what is 4 - -443?
447
In base 13, what is -8189 + 5?
-8184
In base 8, what is 10303 - -4?
10307
In base 2, what is 0 - 10?
-10
In base 2, what is -101 - 10010111?
-10011100
In base 16, what is -1e + -39?
-57
In base 16, what is -75 + -3?
-78
In base 5, what is 12110 + -4?
12101
In base 4, what is 32 + -10?
22
In base 3, what is 2000022 - 1?
2000021
In base 5, what is 202 + 3?
210
In base 10, what is -4 - -71?
67
In base 13, what is 91 - 36?
58
In base 4, what is -300 - -1?
-233
In base 7, what is -23 - -343?
320
In base 4, what is -312 + -3?
-321
In base 4, what is -1330 + 31?
-1233
In base 7, what is -423 - -5?
-415
In base 16, what is 2 + 714?
716
In base 13, what is -3 - -27?
24
In base 13, what is 1 - 12c?
-12b
In base 2, what is 1001 + -10010?
-1001
In base 4, what is -10012 - -12?
-10000
In base 15, what is 1b + -177?
-15b
In base 12, what is -15 + 2?
-13
In base 4, what is -200 - -1?
-133
In base 16, what is -13 - -7?
-c
In base 15, what is 2 + -18e?
-18c
In base 6, what is -5 - 2532?
-2541
In base 13, what is -6 + -554?
-55a
In base 9, what is -1 + -421?
-422
In base 4, what is -213300 - 0?
-213300
In base 16, what is a - -1?
b
In base 13, what is 5 + -25?
-20
In base 6, what is 2 + -3505?
-3503
In base 9, what is -16 - 104?
-121
In base 15, what is -e41e - -3?
-e41b
In base 14, what is 24 - -4?
28
In base 14, what is 1 + 175c?
175d
In base 12, what is 2514 + 3?
2517
In base 9, what is -5 + 84?
78
In base 8, what is 354 - 0?
354
In base 2, what is 10 + -1?
1
In base 12, what is 17 - -146?
161
In base 16, what is 10 + -4?
c
In base 14, what is 0 + -26?
-26
In base 2, what is -11111000 - 110?
-11111110
In base 8, what is 1724 - -3?
1727
In base 13, what is 4 + 5?
9
In base 8, what is 15 + 13?
30
In base 15, what is 15 + -3?
12
In base 15, what is -59 - -4?
-55
In base 2, what is 1001110111001 + -100?
1001110110101
In base 6, what is 3 + -145?
-142
In base 2, what is 101011001 - 10011?
101000110
In base 3, what is -10 + -201211?
-201221
In base 5, what is -4440 + 4?
-4431
In base 4, what is -11 + -3220?
-3231
In base 14